{"id":41,"date":"2026-02-06T16:31:20","date_gmt":"2026-02-06T19:31:20","guid":{"rendered":"https:\/\/iesep.com.br\/policlinica\/itanhaem\/?page_id=41"},"modified":"2026-02-19T12:56:53","modified_gmt":"2026-02-19T15:56:53","slug":"pesquisas","status":"publish","type":"page","link":"https:\/\/iesep.com.br\/policlinica\/itanhaem\/pesquisas\/","title":{"rendered":"Pesquisas"},"content":{"rendered":"<p>Pesquisas Cient\u00edficas:<\/p>\n<p>A nossa policl\u00ednica est\u00e1 empenhada n\u00e3o apenas em fornecer atendimento de sa\u00fade de alta qualidade, mas tamb\u00e9m em contribuir para o avan\u00e7o do conhecimento cient\u00edfico em v\u00e1rias \u00e1reas de interesse. Realizamos e apoiamos uma variedade de pesquisas cient\u00edficas que visam melhorar o diagn\u00f3stico, tratamento e preven\u00e7\u00e3o de doen\u00e7as, com foco nas seguintes \u00e1reas:<\/p>\n<p><strong>\u00a0<\/strong><\/p>\n<p><strong>Sa\u00fade Mental<\/strong><\/p>\n<p>Reconhecemos a import\u00e2ncia da sa\u00fade mental e estamos empenhados em desenvolver interven\u00e7\u00f5es que promovam o bem-estar psicol\u00f3gico e emocional de nossos pacientes. Nossas pesquisas abordam uma ampla gama de quest\u00f5es relacionadas \u00e0 sa\u00fade mental, incluindo transtornos de ansiedade, depress\u00e3o e estresse.<\/p>\n<p>&nbsp;<\/p>\n<p>&nbsp;<\/p>\n<p>Estamos comprometidos em conduzir pesquisas de alta qualidade que tenham um impacto positivo na sa\u00fade da comunidade, utilizando abordagens interdisciplinares e colaborativas para abordar quest\u00f5es complexas de sa\u00fade p\u00fablica.<\/p>\n","protected":false},"excerpt":{"rendered":"<p>Pesquisas Cient\u00edficas: A nossa policl\u00ednica est\u00e1 empenhada n\u00e3o apenas em fornecer atendimento de sa\u00fade de alta qualidade, mas tamb\u00e9m em contribuir para o avan\u00e7o do conhecimento cient\u00edfico em v\u00e1rias \u00e1reas de interesse. Realizamos e apoiamos uma variedade de pesquisas cient\u00edficas que visam melhorar o diagn\u00f3stico, tratamento e preven\u00e7\u00e3o de doen\u00e7as, com foco nas seguintes \u00e1reas: [&hellip;]<\/p>\n","protected":false},"author":1,"featured_media":0,"parent":0,"menu_order":0,"comment_status":"closed","ping_status":"closed","template":"","meta":[],"categories":[],"tags":[],"_links":{"self":[{"href":"https:\/\/iesep.com.br\/policlinica\/itanhaem\/wp-json\/wp\/v2\/pages\/41"}],"collection":[{"href":"https:\/\/iesep.com.br\/policlinica\/itanhaem\/wp-json\/wp\/v2\/pages"}],"about":[{"href":"https:\/\/iesep.com.br\/policlinica\/itanhaem\/wp-json\/wp\/v2\/types\/page"}],"author":[{"embeddable":true,"href":"https:\/\/iesep.com.br\/policlinica\/itanhaem\/wp-json\/wp\/v2\/users\/1"}],"replies":[{"embeddable":true,"href":"https:\/\/iesep.com.br\/policlinica\/itanhaem\/wp-json\/wp\/v2\/comments?post=41"}],"version-history":[{"count":2,"href":"https:\/\/iesep.com.br\/policlinica\/itanhaem\/wp-json\/wp\/v2\/pages\/41\/revisions"}],"predecessor-version":[{"id":66,"href":"https:\/\/iesep.com.br\/policlinica\/itanhaem\/wp-json\/wp\/v2\/pages\/41\/revisions\/66"}],"wp:attachment":[{"href":"https:\/\/iesep.com.br\/policlinica\/itanhaem\/wp-json\/wp\/v2\/media?parent=41"}],"wp:term":[{"taxonomy":"category","embeddable":true,"href":"https:\/\/iesep.com.br\/policlinica\/itanhaem\/wp-json\/wp\/v2\/categories?post=41"},{"taxonomy":"post_tag","embeddable":true,"href":"https:\/\/iesep.com.br\/policlinica\/itanhaem\/wp-json\/wp\/v2\/tags?post=41"}],"curies":[{"name":"wp","href":"https:\/\/api.w.org\/{rel}","templated":true}]}}