{"id":47,"date":"2026-02-06T16:31:53","date_gmt":"2026-02-06T19:31:53","guid":{"rendered":"https:\/\/iesep.com.br\/policlinica\/itanhaem\/?page_id=47"},"modified":"2026-02-19T12:58:14","modified_gmt":"2026-02-19T15:58:14","slug":"faq","status":"publish","type":"page","link":"https:\/\/iesep.com.br\/policlinica\/itanhaem\/faq\/","title":{"rendered":"FAQ"},"content":{"rendered":"<p><strong>A Policl\u00ednica IESEP oferece transporte sanit\u00e1rio?<\/strong><\/p>\n<p>N\u00e3o, para o transporte sanit\u00e1rio at\u00e9 a Policl\u00ednica IESEP o usu\u00e1rio deve procurar o setor de ambul\u00e2ncia do seu munic\u00edpio.<\/p>\n<p>&nbsp;<\/p>\n<p><strong>Quero ser um parceiro da Policl\u00ednica IESEP, como devo proceder?<\/strong><\/p>\n<p>Para parceira com a Policl\u00ednica IESEP voc\u00ea deve entrar em contato atrav\u00e9s do e-mail: <a href=\"mailto:clinica.pe@iesep.com.br\">clinica.pe@iesep.com.br<\/a><\/p>\n<p>&nbsp;<\/p>\n<p><strong>Como fa\u00e7o para ser atendido na Policl\u00ednica IESEP ?<\/strong><\/p>\n<p>Os atendimentos s\u00e3o oferecidos de forma gratuita para os mun\u00edcipes de Itanha\u00e9m-SP. Para receber o atendimento, o usu\u00e1rio dever\u00e1 procurar a policlinica, com a guia de encaminhamento em m\u00e3os, um documento com foto, o Cart\u00e3o Nacional de Sa\u00fade (Cart\u00e3o SUS) e um comprovante de resid\u00eancia, o mesmo dever\u00e1 comparecer no hor\u00e1rio agendado para iniciar o tratamento na Policl\u00ednica IESEP.<\/p>\n<p>&nbsp;<\/p>\n<p><strong>Como fa\u00e7o para ser atendido na Policl\u00ednica IESEP atrav\u00e9s do Atendimento Social?<\/strong><\/p>\n<p>O Atendimento Social \u00e9 uma modalidade de assist\u00eancia oferecida as pessoas que desejam e apresentam condi\u00e7\u00f5es para custear o servi\u00e7o que ser\u00e1 realizado. Para o uso deste servi\u00e7o, o usu\u00e1rio dever\u00e1 procurar a recep\u00e7\u00e3o da Policl\u00ednica IESEP portando um documento com foto e o CPF. Quando necess\u00e1rio ser\u00e1 solicitado um encaminhamento m\u00e9dico. Ap\u00f3s a ci\u00eancia sobre os servi\u00e7os oferecidos, o mesmo pagar\u00e1 o valor social por meio de cart\u00e3o de cr\u00e9dito\/d\u00e9bito, pix ou boleto e ser\u00e1 atendido. O valor cobrado \u00e9 utilizado para manuten\u00e7\u00e3o local e aquisi\u00e7\u00e3o de equipamentos e insumos.<\/p>\n","protected":false},"excerpt":{"rendered":"<p>A Policl\u00ednica IESEP oferece transporte sanit\u00e1rio? N\u00e3o, para o transporte sanit\u00e1rio at\u00e9 a Policl\u00ednica IESEP o usu\u00e1rio deve procurar o setor de ambul\u00e2ncia do seu munic\u00edpio. &nbsp; Quero ser um parceiro da Policl\u00ednica IESEP, como devo proceder? Para parceira com a Policl\u00ednica IESEP voc\u00ea deve entrar em contato atrav\u00e9s do e-mail: clinica.pe@iesep.com.br &nbsp; Como fa\u00e7o [&hellip;]<\/p>\n","protected":false},"author":1,"featured_media":0,"parent":0,"menu_order":0,"comment_status":"closed","ping_status":"closed","template":"","meta":[],"categories":[],"tags":[],"_links":{"self":[{"href":"https:\/\/iesep.com.br\/policlinica\/itanhaem\/wp-json\/wp\/v2\/pages\/47"}],"collection":[{"href":"https:\/\/iesep.com.br\/policlinica\/itanhaem\/wp-json\/wp\/v2\/pages"}],"about":[{"href":"https:\/\/iesep.com.br\/policlinica\/itanhaem\/wp-json\/wp\/v2\/types\/page"}],"author":[{"embeddable":true,"href":"https:\/\/iesep.com.br\/policlinica\/itanhaem\/wp-json\/wp\/v2\/users\/1"}],"replies":[{"embeddable":true,"href":"https:\/\/iesep.com.br\/policlinica\/itanhaem\/wp-json\/wp\/v2\/comments?post=47"}],"version-history":[{"count":2,"href":"https:\/\/iesep.com.br\/policlinica\/itanhaem\/wp-json\/wp\/v2\/pages\/47\/revisions"}],"predecessor-version":[{"id":69,"href":"https:\/\/iesep.com.br\/policlinica\/itanhaem\/wp-json\/wp\/v2\/pages\/47\/revisions\/69"}],"wp:attachment":[{"href":"https:\/\/iesep.com.br\/policlinica\/itanhaem\/wp-json\/wp\/v2\/media?parent=47"}],"wp:term":[{"taxonomy":"category","embeddable":true,"href":"https:\/\/iesep.com.br\/policlinica\/itanhaem\/wp-json\/wp\/v2\/categories?post=47"},{"taxonomy":"post_tag","embeddable":true,"href":"https:\/\/iesep.com.br\/policlinica\/itanhaem\/wp-json\/wp\/v2\/tags?post=47"}],"curies":[{"name":"wp","href":"https:\/\/api.w.org\/{rel}","templated":true}]}}