{"id":165,"date":"2023-04-26T17:14:24","date_gmt":"2023-04-26T20:14:24","guid":{"rendered":"https:\/\/iesep.com.br\/policlinica\/registro\/?page_id=165"},"modified":"2026-03-17T20:08:38","modified_gmt":"2026-03-17T23:08:38","slug":"capacita-iesep","status":"publish","type":"page","link":"https:\/\/iesep.com.br\/policlinica\/registro\/capacita-iesep\/","title":{"rendered":"Capacita IESEP"},"content":{"rendered":"<p>&nbsp;<\/p>\n<p style=\"text-align: justify;\">O Programa de Capacita\u00e7\u00e3o Acad\u00eamica e Profissional, denominado como\u00a0<b>CAPACITA IESEP<\/b>, trata-se de uma modalidade de capacita\u00e7\u00e3o profissional, com foco no ensino de habilidades e compet\u00eancias para atua\u00e7\u00e3o nos servi\u00e7os de sa\u00fade e \u00e1reas afins.<\/p>\n<p style=\"text-align: justify;\">O\u00a0<b>CAPACITA IESEP<\/b>\u00a0\u00e9 coordenado pelo Instituto Educacional de Servi\u00e7o, Ensino e Pesquisa LTDA (IESEP), que oferece capacita\u00e7\u00f5es com a participa\u00e7\u00e3o de especialistas, mestres e doutores, assim como, profissionais de elevada qualifica\u00e7\u00e3o t\u00e9cnica no segmento de atua\u00e7\u00e3o. As capacita\u00e7\u00f5es s\u00e3o oferecidas em formatos de curta-dura\u00e7\u00e3o, com abordagem metodol\u00f3gica te\u00f3rico-pr\u00e1tica.<\/p>\n<p style=\"text-align: justify;\">A finalidade do\u00a0<b>CAPACITA IESEP<\/b>\u00a0\u00e9 oferecer a possibilidade de aquisi\u00e7\u00e3o de conhecimentos espec\u00edficos, de acordo com as necessidades de atua\u00e7\u00e3o no segmento da sa\u00fade, educa\u00e7\u00e3o e profissionaliza\u00e7\u00e3o em geral.<\/p>\n<p>&nbsp;<\/p>\n<div style=\"text-align: center;\"><a style=\"padding: 10px 35px; border-radius: 50px; background-color: #46bddf; color: #fff; cursor: pointer;\" href=\"https:\/\/iesep.com.br\/policlinica\/sobre-o-capacita-iesep\/\" target=\"_blank\" rel=\"noopener\"><strong>CLIQUE AQUI E SAIBA MAIS<\/strong><\/a><\/div>\n","protected":false},"excerpt":{"rendered":"<p>&nbsp; O Programa de Capacita\u00e7\u00e3o Acad\u00eamica e Profissional, denominado como\u00a0CAPACITA IESEP, trata-se de uma modalidade de capacita\u00e7\u00e3o profissional, com foco no ensino de habilidades e compet\u00eancias para atua\u00e7\u00e3o nos servi\u00e7os de sa\u00fade e \u00e1reas afins. O\u00a0CAPACITA IESEP\u00a0\u00e9 coordenado pelo Instituto Educacional de Servi\u00e7o, Ensino e Pesquisa LTDA (IESEP), que oferece capacita\u00e7\u00f5es com a participa\u00e7\u00e3o de [&hellip;]<\/p>\n","protected":false},"author":1,"featured_media":0,"parent":0,"menu_order":0,"comment_status":"closed","ping_status":"closed","template":"templates\/template-fullwidth.php","meta":[],"categories":[],"tags":[],"_links":{"self":[{"href":"https:\/\/iesep.com.br\/policlinica\/registro\/wp-json\/wp\/v2\/pages\/165"}],"collection":[{"href":"https:\/\/iesep.com.br\/policlinica\/registro\/wp-json\/wp\/v2\/pages"}],"about":[{"href":"https:\/\/iesep.com.br\/policlinica\/registro\/wp-json\/wp\/v2\/types\/page"}],"author":[{"embeddable":true,"href":"https:\/\/iesep.com.br\/policlinica\/registro\/wp-json\/wp\/v2\/users\/1"}],"replies":[{"embeddable":true,"href":"https:\/\/iesep.com.br\/policlinica\/registro\/wp-json\/wp\/v2\/comments?post=165"}],"version-history":[{"count":3,"href":"https:\/\/iesep.com.br\/policlinica\/registro\/wp-json\/wp\/v2\/pages\/165\/revisions"}],"predecessor-version":[{"id":250,"href":"https:\/\/iesep.com.br\/policlinica\/registro\/wp-json\/wp\/v2\/pages\/165\/revisions\/250"}],"wp:attachment":[{"href":"https:\/\/iesep.com.br\/policlinica\/registro\/wp-json\/wp\/v2\/media?parent=165"}],"wp:term":[{"taxonomy":"category","embeddable":true,"href":"https:\/\/iesep.com.br\/policlinica\/registro\/wp-json\/wp\/v2\/categories?post=165"},{"taxonomy":"post_tag","embeddable":true,"href":"https:\/\/iesep.com.br\/policlinica\/registro\/wp-json\/wp\/v2\/tags?post=165"}],"curies":[{"name":"wp","href":"https:\/\/api.w.org\/{rel}","templated":true}]}}