{"id":168,"date":"2023-04-26T17:26:45","date_gmt":"2023-04-26T20:26:45","guid":{"rendered":"https:\/\/iesep.com.br\/policlinica\/registro\/?page_id=168"},"modified":"2023-04-26T17:26:45","modified_gmt":"2023-04-26T20:26:45","slug":"faq","status":"publish","type":"page","link":"https:\/\/iesep.com.br\/policlinica\/registro\/faq\/","title":{"rendered":"FAQ"},"content":{"rendered":"<div data-js=\"accordion\" class=\"accordion accordion-personalizado\">\n<div class=\"accordion-item\"> <button data-accordion-header=\"1\" class=\"accordion-header\"> <strong data-accordion-header=\"1\">A Policl\u00ednica IESEP oferece transporte sanit\u00e1rio?<\/strong> <i class=\"fas fa-angle-down ml-4\" style=\"margin-left: 25px; transition: all 0.3s ease-in-out;\" data-accordion-header=\"1\"><\/i> <\/button> <\/p>\n<div data-accordion-body=\"1\" class=\"accordion-body\">N\u00e3o, para o transporte sanit\u00e1rio at\u00e9 a Policl\u00ednica IESEP o usu\u00e1rio deve procurar o setor de ambul\u00e2ncia do seu munic\u00edpio.<\/div>\n<\/div>\n<div class=\"accordion-item\"> <button data-accordion-header=\"2\" class=\"accordion-header\"> <strong data-accordion-header=\"2\">Quero ser um parceiro da Policl\u00ednica IESEP, como devo proceder?<\/strong> <i class=\"fas fa-angle-down ml-4\" style=\"margin-left: 25px; transition: all 0.3s ease-in-out;\" data-accordion-header=\"2\"><\/i> <\/button> <\/p>\n<div data-accordion-body=\"2\" class=\"accordion-body\">Para parceira com a Policl\u00ednica IESEP voc\u00ea deve entrar em contato atrav\u00e9s do e-mail: policlinica@iesep.com.br.<\/div>\n<\/div>\n<div class=\"accordion-item\"> <button data-accordion-header=\"3\" class=\"accordion-header\"> <strong data-accordion-header=\"3\">Como fa\u00e7o para ser atendido na Policl\u00ednica IESEP atrav\u00e9s do Sistema \u00danico de Sa\u00fade (SUS)?<\/strong> <i class=\"fas fa-angle-down ml-4\" style=\"margin-left: 25px; transition: all 0.3s ease-in-out;\" data-accordion-header=\"3\"><\/i> <\/button> <\/p>\n<div data-accordion-body=\"3\" class=\"accordion-body\"> Os atendimentos pelo Sistema \u00danico de Sa\u00fade (SUS) s\u00e3o oferecidos de forma gratuita para os mun\u00edcipes de Registro-SP. Para receber o atendimento, o usu\u00e1rio dever\u00e1 procurar uma Unidade de Sa\u00fade, ap\u00f3s o encaminhamento feito pela unidade, com a guia de agendamento em m\u00e3os, um documento com foto, o Cart\u00e3o Nacional de Sa\u00fade (Cart\u00e3o SUS) e um comprovante de resid\u00eancia, o mesmo dever\u00e1 comparecer no hor\u00e1rio agendado para iniciar o tratamento na Policl\u00ednica IESEP. As \u00e1reas de atendimento pelo SUS envolvem: educa\u00e7\u00e3o f\u00edsica, enfermagem, fisioterapia, fonoaudiologia, nutri\u00e7\u00e3o e psicologia. <\/div>\n<\/div>\n<div class=\"accordion-item\"> <button data-accordion-header=\"4\" class=\"accordion-header\"> <strong data-accordion-header=\"4\">Como fa\u00e7o para ser atendido na Policl\u00ednica IESEP atrav\u00e9s do Atendimento Social?<\/strong> <i class=\"fas fa-angle-down ml-4\" style=\"margin-left: 25px; transition: all 0.3s ease-in-out;\" data-accordion-header=\"4\"><\/i> <\/button> <\/p>\n<div data-accordion-body=\"4\" class=\"accordion-body\"> O Atendimento Social \u00e9 uma modalidade de assist\u00eancia oferecida as pessoas que desejam e apresentam condi\u00e7\u00f5es para custear o servi\u00e7o que ser\u00e1 realizado. Para o uso deste servi\u00e7o, o usu\u00e1rio dever\u00e1 procurar a recep\u00e7\u00e3o da Policl\u00ednica IESEP portando um documento com foto e o CPF. Quando necess\u00e1rio ser\u00e1 solicitado um encaminhamento m\u00e9dico. Ap\u00f3s a ci\u00eancia sobre os servi\u00e7os oferecidos, o mesmo pagar\u00e1 o valor social por meio de cart\u00e3o de cr\u00e9dito\/d\u00e9bito, pix ou boleto e ser\u00e1 atendido. O valor cobrado \u00e9 utilizado para manuten\u00e7\u00e3o local e aquisi\u00e7\u00e3o de equipamentos e insumos. <\/div>\n<\/div>\n<\/div>\n","protected":false},"excerpt":{"rendered":"<p>A Policl\u00ednica IESEP oferece transporte sanit\u00e1rio? N\u00e3o, para o transporte sanit\u00e1rio at\u00e9 a Policl\u00ednica IESEP o usu\u00e1rio deve procurar o setor de ambul\u00e2ncia do seu munic\u00edpio. Quero ser um parceiro da Policl\u00ednica IESEP, como devo proceder? Para parceira com a Policl\u00ednica IESEP voc\u00ea deve entrar em contato atrav\u00e9s do e-mail: policlinica@iesep.com.br. Como fa\u00e7o para ser [&hellip;]<\/p>\n","protected":false},"author":1,"featured_media":0,"parent":0,"menu_order":0,"comment_status":"closed","ping_status":"closed","template":"templates\/template-fullwidth.php","meta":[],"categories":[],"tags":[],"_links":{"self":[{"href":"https:\/\/iesep.com.br\/policlinica\/registro\/wp-json\/wp\/v2\/pages\/168"}],"collection":[{"href":"https:\/\/iesep.com.br\/policlinica\/registro\/wp-json\/wp\/v2\/pages"}],"about":[{"href":"https:\/\/iesep.com.br\/policlinica\/registro\/wp-json\/wp\/v2\/types\/page"}],"author":[{"embeddable":true,"href":"https:\/\/iesep.com.br\/policlinica\/registro\/wp-json\/wp\/v2\/users\/1"}],"replies":[{"embeddable":true,"href":"https:\/\/iesep.com.br\/policlinica\/registro\/wp-json\/wp\/v2\/comments?post=168"}],"version-history":[{"count":1,"href":"https:\/\/iesep.com.br\/policlinica\/registro\/wp-json\/wp\/v2\/pages\/168\/revisions"}],"predecessor-version":[{"id":169,"href":"https:\/\/iesep.com.br\/policlinica\/registro\/wp-json\/wp\/v2\/pages\/168\/revisions\/169"}],"wp:attachment":[{"href":"https:\/\/iesep.com.br\/policlinica\/registro\/wp-json\/wp\/v2\/media?parent=168"}],"wp:term":[{"taxonomy":"category","embeddable":true,"href":"https:\/\/iesep.com.br\/policlinica\/registro\/wp-json\/wp\/v2\/categories?post=168"},{"taxonomy":"post_tag","embeddable":true,"href":"https:\/\/iesep.com.br\/policlinica\/registro\/wp-json\/wp\/v2\/tags?post=168"}],"curies":[{"name":"wp","href":"https:\/\/api.w.org\/{rel}","templated":true}]}}