{"id":172,"date":"2023-04-26T17:37:42","date_gmt":"2023-04-26T20:37:42","guid":{"rendered":"https:\/\/iesep.com.br\/policlinica\/registro\/?page_id=172"},"modified":"2023-04-26T17:37:42","modified_gmt":"2023-04-26T20:37:42","slug":"contato","status":"publish","type":"page","link":"https:\/\/iesep.com.br\/policlinica\/registro\/contato\/","title":{"rendered":"Contato"},"content":{"rendered":"<p>&nbsp;<\/p>\n<p>Para mais informa\u00e7\u00f5es sobre a Policl\u00ednica IESEP entre em contato conosco.<\/p>\n<p><i style=\"color: #46bddf;\" class=\"fa-solid fa-envelope fa-fw\"><\/i> <a href=\"mailto:policlinica@iesep.com.br\">policlinica@iesep.com.br<\/a><\/p>\n<p><i style=\"color: #46bddf;\" class=\"fa-brands fa-whatsapp fa-fw\"><\/i> <a href=\"https:\/\/api.whatsapp.com\/send\/?phone=5513997534076&amp;text&amp;app_absent=0\"> (13) 99753-4076 <\/a><\/p>\n<p><i style=\"color: #46bddf;\" class=\"fa-solid fa-phone fa-fw\"><\/i> (13) 3828-2840<\/p>\n<p><i style=\"color: #46bddf;\" class=\"fa-solid fa-clock fa-fw\"><\/i> De segunda a sexta-feira, das 8h \u00e0s 17h<\/p>\n<p><i style=\"color: #46bddf;\" class=\"fa-solid fa-location-dot fa-fw\"><\/i> Rua: Oscar Yoshiaki Mag\u00e1rio, n\u00b0 185, Jardim das Palmeiras, Registro-SP<\/p>\n<p>&nbsp;<\/p>\n<p><iframe style=\"border: 0; width: 100%; height: 300px;\" src=\"https:\/\/www.google.com\/maps\/embed?pb=!1m18!1m12!1m3!1d3629.9155623367283!2d-47.84385345747653!3d-24.523003988837736!2m3!1f0!2f0!3f0!3m2!1i1024!2i768!4f13.1!3m3!1m2!1s0x0%3A0x0!2zMjTCsDMxJzIyLjgiUyA0N8KwNTAnMzEuMiJX!5e0!3m2!1spt-BR!2sbr!4v1476479218081\" frameborder=\"0\" allowfullscreen=\"allowfullscreen\"><\/iframe><\/p>\n","protected":false},"excerpt":{"rendered":"<p>&nbsp; Para mais informa\u00e7\u00f5es sobre a Policl\u00ednica IESEP entre em contato conosco. policlinica@iesep.com.br (13) 99753-4076 (13) 3828-2840 De segunda a sexta-feira, das 8h \u00e0s 17h Rua: Oscar Yoshiaki Mag\u00e1rio, n\u00b0 185, Jardim das Palmeiras, Registro-SP &nbsp;<\/p>\n","protected":false},"author":1,"featured_media":0,"parent":0,"menu_order":0,"comment_status":"closed","ping_status":"closed","template":"templates\/template-fullwidth.php","meta":[],"categories":[],"tags":[],"_links":{"self":[{"href":"https:\/\/iesep.com.br\/policlinica\/registro\/wp-json\/wp\/v2\/pages\/172"}],"collection":[{"href":"https:\/\/iesep.com.br\/policlinica\/registro\/wp-json\/wp\/v2\/pages"}],"about":[{"href":"https:\/\/iesep.com.br\/policlinica\/registro\/wp-json\/wp\/v2\/types\/page"}],"author":[{"embeddable":true,"href":"https:\/\/iesep.com.br\/policlinica\/registro\/wp-json\/wp\/v2\/users\/1"}],"replies":[{"embeddable":true,"href":"https:\/\/iesep.com.br\/policlinica\/registro\/wp-json\/wp\/v2\/comments?post=172"}],"version-history":[{"count":2,"href":"https:\/\/iesep.com.br\/policlinica\/registro\/wp-json\/wp\/v2\/pages\/172\/revisions"}],"predecessor-version":[{"id":200,"href":"https:\/\/iesep.com.br\/policlinica\/registro\/wp-json\/wp\/v2\/pages\/172\/revisions\/200"}],"wp:attachment":[{"href":"https:\/\/iesep.com.br\/policlinica\/registro\/wp-json\/wp\/v2\/media?parent=172"}],"wp:term":[{"taxonomy":"category","embeddable":true,"href":"https:\/\/iesep.com.br\/policlinica\/registro\/wp-json\/wp\/v2\/categories?post=172"},{"taxonomy":"post_tag","embeddable":true,"href":"https:\/\/iesep.com.br\/policlinica\/registro\/wp-json\/wp\/v2\/tags?post=172"}],"curies":[{"name":"wp","href":"https:\/\/api.w.org\/{rel}","templated":true}]}}